he highest common factor of 411 and 6.
3
Calculate the greatest common factor of 35 and 2653.
7
Calculate the greatest common divisor of 484 and 8.
4
Calculate the highest common factor of 7 and 13.
1
What is the highest common factor of 9254 and 56?
14
What is the highest common divisor of 486 and 405?
81
What is the highest common factor of 60 and 9780?
60
What is the greatest common factor of 12 and 2292?
12
What is the highest common divisor of 74 and 1406?
74
Calculate the greatest common factor of 338 and 845.
169
Calculate the greatest common divisor of 49 and 35.
7
Calculate the highest common factor of 11 and 1793.
11
Calculate the highest common divisor of 207 and 3151.
23
What is the greatest common factor of 484 and 5940?
44
What is the greatest common divisor of 39 and 351?
39
What is the highest common factor of 351 and 36?
9
What is the greatest common divisor of 408 and 170?
34
Calculate the greatest common divisor of 23 and 23.
23
What is the greatest common divisor of 2004 and 60?
12
Calculate the greatest common divisor of 165 and 231.
33
What is the greatest common divisor of 5 and 2?
1
What is the highest common factor of 28 and 7588?
28
What is the greatest common factor of 18 and 8106?
6
What is the greatest common divisor of 117 and 481?
13
What is the highest common divisor of 111 and 8991?
111
Calculate the greatest common factor of 53654 and 556.
278
What is the greatest common divisor of 8 and 1800?
8
Calculate the greatest common factor of 52 and 234.
26
Calculate the highest common divisor of 4 and 404.
4
What is the highest common factor of 50 and 4100?
50
What is the greatest common divisor of 26 and 3250?
26
What is the greatest common divisor of 88 and 30536?
88
Calculate the greatest common divisor of 62 and 279.
31
What is the greatest common factor of 77 and 553?
7
Calculate the greatest common divisor of 1391 and 321.
107
What is the highest common divisor of 384 and 4736?
128
Calculate the highest common factor of 84 and 5964.
84
Calculate the highest common divisor of 72 and 552.
24
What is the highest common factor of 591 and 2?
1
What is the highest common factor of 1342 and 88?
22
Calculate the highest common divisor of 196 and 294.
98
What is the highest common factor of 4188 and 2?
2
Calculate the greatest common divisor of 64 and 33600.
64
Calculate the highest common divisor of 1178 and 310.
62
Calculate the greatest common divisor of 190 and 285.
95
What is the greatest common factor of 279 and 9?
9
What is the highest common divisor of 81 and 3?
3
Calculate the greatest common factor of 6780 and 240.
60
What is the highest common divisor of 25 and 27275?
25
What is the highest common factor of 5093 and 11?
11
Calculate the highest common factor of 77 and 825.
11
Calculate the greatest common divisor of 51 and 289.
17
What is the highest common divisor of 35 and 55?
5
Calculate the greatest common divisor of 276 and 92.
92
What is the highest common factor of 51 and 6?
3
What is the highest common divisor of 6 and 27?
3
Calculate the highest common factor of 18 and 4338.
18
Calculate the greatest common divisor of 2652 and 13.
13
What is the highest common factor of 170 and 816?
34
What is the greatest common divisor of 3310 and 30?
10
What is the highest common divisor of 333 and 9?
9
Calculate the highest common factor of 438 and 6.
6
What is the greatest common divisor of 880 and 2192?
16
What is the highest common factor of 1204 and 28?
28
Calculate the highest common factor of 44 and 716.
4
Calculate the greatest common divisor of 478 and 2.
2
What is the highest common factor of 99 and 459?
9
What is the greatest common factor of 36 and 1476?
36
What is the greatest common factor of 1464 and 240?
24
What is the greatest common factor of 19944 and 144?
72
Calculate the highest common factor of 13 and 91.
13
Calculate the highest common divisor of 123 and 51.
3
What is the highest common divisor of 1786 and 76?
38
What is the greatest common factor of 91 and 1599?
13
Calculate the highest common factor of 4929 and 651.
93
What is the highest common factor of 100 and 80?
20
Calculate the greatest common divisor of 12 and 57.
3
What is the highest common factor of 42 and 30?
6
Calculate the greatest common divisor of 4 and 206.
2
Calculate the highest common factor of 2091 and 451.
41
What is the greatest common divisor of 645 and 15?
15
What is the greatest common divisor of 110 and 704?
22
What is the highest common divisor of 5 and 245?
5
Calculate the highest common factor of 6136 and 104.
104
What is the highest common divisor of 488 and 208?
8
Calculate the greatest common divisor of 665 and 1855.
35
Calculate the highest common divisor of 182 and 28.
14
What is the highest common factor of 306 and 27?
9
Calculate the greatest common factor of 1605 and 15.
15
Calculate the greatest common factor of 5 and 95.
5
What is the highest common divisor of 249 and 83?
83
Calculate the greatest common factor of 360 and 1160.
40
What is the highest common factor of 1464 and 24?
24
What is the greatest common divisor of 10 and 71?
1
Calculate the greatest common factor of 713 and 46.
23
Calculate the highest common factor of 66 and 6.
6
Calculate the highest common divisor of 24 and 19192.
8
What is the highest common factor of 5100 and 4692?
204
Calculate the greatest common factor of 98 and 9457.
49
Calculate the highest common factor of 3641 and 11.
11
Calculate the highest common factor of 1287 and 65.
13
Calculate the greatest common divisor of 20 and 112.
4
Calculate the highest common factor of 368 and 23.
23
Calculate the highest common divisor of 66 and 352.
22
Calculate the greatest common divisor of 175 and 775.
25
Calculate the greatest common factor of 1078 and 56.
14
What is the greatest common divisor of 21 and 609?
21
What is the greatest common factor of 28 and 448?
28
Calculate the greatest common factor of 14080 and 11.
11
Calculate the highest common factor of 74 and 4958.
74
Calculate the highest common factor of 12 and 5088.
12
What is the highest common divisor of 40 and 1490?
10
What is the greatest common factor of 48 and 128?
16
Calculate the highest common factor of 7 and 20.
1
Calculate the greatest common divisor of 1368 and 180.
36
Calculate the highest common factor of 558 and 6.
6
What is the highest common divisor of 12 and 531?
3
What is the greatest common divisor of 308 and 56?
28
Calculate the highest common divisor of 594 and 55.
11
What is the highest common divisor of 165 and 396?
33
What is the greatest common divisor of 6 and 48?
6
Calculate the greatest common factor of 11040 and 108.
12
What is the highest common divisor of 102 and 17?
17
Calculate the greatest common divisor of 270 and 54.
54
Calculate the highest common divisor of 49753 and 11.
11
What is the greatest common factor of 1040 and 390?
130
Calculate the highest common factor of 189 and 609.
21
What is the highest common divisor of 126 and 18?
18
What is the greatest common factor of 378 and 14?
14
Calculate the greatest common factor of 344 and 8.
8
What is the highest common factor of 68 and 612?
68
What is the greatest common factor of 120 and 42?
6
What is the greatest common divisor of 3777 and 3?
3
What is the highest common divisor of 403 and 1911?
13
Calculate the highest common factor of 100 and 450.
50
What is the highest common factor of 43 and 387?
43
Calculate the highest common factor of 198 and 72.
18
Calculate the highest common divisor of 23697 and 18.
9
Calculate the highest common factor of 48 and 912.
48
What is the highest common factor of 75 and 1425?
75
What is the greatest common divisor of 8065 and 5?
5
What is the greatest common divisor of 668 and 88?
4
What is the highest common divisor of 261 and 9?
9
Calculate the greatest common divisor of 82 and 2788.
82
Calculate the greatest common factor of 110 and 374.
22
What is the highest common divisor of 277 and 1?
1
Calculate the highest common divisor of 272 and 16.
16
Calculate the greatest common divisor of 846 and 18.
18
What is the greatest common divisor of 70 and 595?
35
What is the highest common divisor of 1 and 2141?
1
What is the highest common divisor of 13 and 3328?
13
Calculate the highest common fac